49. What is the remainder when m is divided by g?
3
Suppose -3*d + 2550 = 5*b, -7*d - 2550 = -5*b - 2*d. Suppose 0 = 2*n - 19*n + b. Calculate the remainder when 178 is divided by n.
28
Let k = 678 + -642. What is the remainder when 1510 is divided by k?
34
Let t(m) = -m**3 - 18*m**2 - 36*m - 12. Let q be t(-15). Let u = q - -162. Calculate the remainder when 162 is divided by u.
12
Let x = -450 - -447. Let a(m) = -4*m**3 - m**2 - 11*m - 2. Calculate the remainder when a(x) is divided by 19.
16
Let m be (-8172)/(-12) + ((-9)/3 - 3). Suppose m = 41*i - 63. Calculate the remainder when 86 is divided by i.
14
Suppose -32 = -3*z + 19. What is the remainder when 9 - (-924 - (9 - z)) is divided by 58?
55
Let a(x) = 46*x**3 - 173*x**2 - 9*x + 37. Calculate the remainder when a(4) is divided by 7.
2
Suppose -115*k = -891 - 719. What is the remainder when 741 is divided by k?
13
Calculate the remainder when 1313 is divided by (-2 - 0/12)*(-32 + 4/2).
53
Let a = -22309 - -22382. Let z(c) = -292*c - 3. What is the remainder when z(-2) is divided by a?
70
Let a(i) = -4*i - 7. Let j be a(-2). What is the remainder when (-3 - -1)/(j/(-10)*2) is divided by (-10)/4*(-48)/40?
1
Let v = -790 + 806. Suppose 4*a + 2117 = 3*u, u + 21*a - v*a = 731. Calculate the remainder when u is divided by 51.
48
Suppose 0*u = 2*u - 16. Suppose -u*j - 11*j + 703 = 0. What is the remainder when j is divided by 24?
13
Suppose 8*r = 3*r + 110. Suppose -31*x + 40 = -23*x. What is the remainder when (3690/(-450))/(((-3)/x)/3) is divided by r?
19
Let h(i) = i**2 - 1044*i + 8303. What is the remainder when 148 is divided by h(8)?
13
Suppose -r - 3*f - 166 = -3*r, f - 2 = 0. Let d = r - -24. Calculate the remainder when d is divided by 16.
14
Calculate the remainder when 11245 is divided by (10 + 4 + -8 + -5)*74.
71
Let w(x) = -80*x - 3264. What is the remainder when w(-43) is divided by 135?
41
Let b be (5 + -1 + 3)*(-108)/14. Let n = b - -26. Let x = 43 + n. Calculate the remainder when 53 is divided by x.
8
Let a = 32 - 0. Suppose -o - 4*j = -a, -3*o + 96 = -j - 3*j. Suppose 26*z - o*z + 66 = 0. Calculate the remainder when 42 is divided by z.
9
Let w = -307 + 742. What is the remainder when w is divided by 12/54*513/6?
17
Suppose 17*r - 176*r = -10250 - 35701. What is the remainder when 6645 is divided by r?
287
Let o(f) = 212*f**2 - 19*f + 20. What is the remainder when o(1) is divided by 127?
86
Let t be (-6)/5*(-45)/(-3). Let w = 29 + t. Let n(f) = -f**3 - 3*f**2 + 4*f + 7. Calculate the remainder when w is divided by n(-4).
4
Let n(v) be the third derivative of 77*v**5/12 + v**4/24 + v**3/3 + 257*v**2. Calculate the remainder when n(1) is divided by 39.
37
Let p = 7255 - 6813. What is the remainder when p is divided by 153?
136
Suppose 162*k = 86*k + 456. What is the remainder when 1625 is divided by k?
5
Let s = -11085 + 11393. What is the remainder when s is divided by 33?
11
What is the remainder when ((-30)/12)/((-42)/(-189) - (-182)/(-792)) is divided by 116?
98
Let u be 2/4*36/2. Suppose -u*g - 34 = -151. What is the remainder when g is divided by 9?
4
Suppose 17*s - 21*s + 1082 = -2*a, s - 260 = 2*a. Calculate the remainder when s is divided by 116.
42
Let a(u) = 0*u + 13*u - 8 - u**2 + 0*u. Let d be a(6). Suppose 2*k - d = 18. Calculate the remainder when k is divided by 16.
10
Let s = -144 - -233. Suppose 2*w - s + 27 = 0. What is the remainder when w is divided by 7 + (-102)/21 - 2 - (-590)/35?
14
Let d be -2*5*((-36)/15)/1. Suppose 34 = n + d. What is the remainder when 54 is divided by n?
4
Let m(w) = -w**3 + 10*w**2 + 62*w + 147. What is the remainder when m(-6) is divided by 103?
42
Let u = -279 + 388. What is the remainder when u is divided by ((-4970)/(-15))/7 + (-2)/(-3)?
13
Let f(g) be the second derivative of -359*g**5/20 + g**4/3 + 7*g**3/6 + 3*g**2/2 + 75*g. What is the remainder when f(-1) is divided by 72?
71
Suppose 39*r - 38*r = 200. Suppose -99 = -13*z + r. Suppose -4*y = -y - 15. What is the remainder when z is divided by y?
3
Suppose 0*p - 29 = p. Let n = p + 172. What is the remainder when n is divided by 5?
3
Suppose -3*l - 10678 = -2*i, l = -3*l - 8. Let o be ((2/(-4))/(-1))/(4/i). Calculate the remainder when (3 + o)*5/10 is divided by 56.
55
Suppose 700 = -21*g + 25*g. What is the remainder when 138 is divided by (g/(-10))/(6/(-24))?
68
Suppose 0 - 31 = 31*b. Calculate the remainder when (b + 3)*5934/92 is divided by 13.
12
Let v = -372 - -395. Let c(n) = n**3 - 24*n**2 + 25*n - 40. What is the remainder when c(v) is divided by (6/8)/(1/4)?
0
Let r = -21 - -18. Let d be 1/(-8) + r/(-24). Suppose d = -4*j + 3*o + 97, -3*o + 20 = o. What is the remainder when j is divided by 10?
8
Let q = 8697 + -8394. What is the remainder when 2118 is divided by q?
300
Suppose 5*j + 73 - 263 = -a, 890 = 5*a + 5*j. Let k = -111 + a. What is the remainder when k is divided by 33?
31
Suppose 4*f = 5*f - 53. Suppose 318*y - 207 = 295*y. What is the remainder when f is divided by y?
8
Suppose -4*d + 110 = -5*v, -9 = -d + 2*v + 20. What is the remainder when (-7 - -3) + 5 + 86 is divided by d?
12
Let r = 101 - 62. Let c(k) = -k**2 + 16*k + 57. Let g = -60 + 78. Calculate the remainder when r is divided by c(g).
18
Suppose 2*v - 3*y - 51 = 0, 252*v = 249*v - 3*y + 129. Suppose -8*p + 528 = -4*p. Calculate the remainder when p is divided by v.
24
Suppose -13*v - 2*m + 131191 = 0, 18*v = 20*v - 3*m - 20170. Calculate the remainder when v is divided by 116.
115
Let v(u) = -u**3 + 66*u**2 - 188*u - 50. Calculate the remainder when 2089 is divided by v(63).
9
Suppose 10*y = 5*y - 15. What is the remainder when ((-10)/(-25))/(y/(-255)) is divided by 21 - (-3)/(3/(-2))?
15
What is the remainder when (10 - -264)*53/106 is divided by 21*(0/2 - -1)?
11
What is the remainder when 50 is divided by 6*-5*13/(-39)?
0
Suppose -l = 2*w - 647, 0*l - 1983 = -3*l + w. Calculate the remainder when l is divided by 647.
12
Suppose -47*g + 43*g = -16, -g - 176 = -3*j. What is the remainder when 953 is divided by j?
53
Let i(p) = 2*p**3 - 218*p**2 - 1382*p + 251. Let w(v) = -v**2 + 7*v - 2. What is the remainder when i(115) is divided by w(5)?
5
Suppose 807991 = 47*h + 116*h. What is the remainder when h is divided by 146?
139
Suppose -2*q = 3*w - 1896, 2*q - 1876 = 165*w - 163*w. What is the remainder when q is divided by 292?
66
Let l = 101 - -55. Calculate the remainder when l is divided by ((-18486)/91)/(-9) + 114/266.
18
Let o = -4365 - -4411. What is the remainder when 107 is divided by o?
15
Suppose q - 2*d + 0*d - 15 = 0, 0 = 4*q - 5*d - 54. Let z be 394 - (-4 + (-12)/(-2)). Suppose -9*x + 5*x + z = 0. What is the remainder when x is divided by q?
10
Suppose 55*z = 46*z - 648. Let n = 0 - z. Let s = -12 - -23. What is the remainder when n is divided by s?
6
Let z = 10328 - 10245. What is the remainder when z is divided by 82?
1
Suppose 34 = 2*o + o + l, -l = 5. Let y(f) = 23*f - 3. Let b be y(o). Let p = b - 201. What is the remainder when p is divided by 24?
23
Let a = -7 + -33. Let x = a - -90. Let l = x + -29. Calculate the remainder when 124 is divided by l.
19
What is the remainder when (-3)/(78/(-2229409)*7*2/4) is divided by 70?
69
Let y = -142 - -178. Suppose -3*r - 8*q = -10*q - y, -4*q - 16 = -2*r. Calculate the remainder when 375 is divided by r.
11
Suppose 84*q + 346 = 257 + 2357. Calculate the remainder when q is divided by 6.
3
Let s(g) = 2669*g - 15031. Calculate the remainder when s(6) is divided by (5 + 3)/(1/3).
23
Suppose -5*d - 21*j = -16*j + 440, 2*j = -3*d - 263. Let q = d + 109. Calculate the remainder when q is divided by 8.
6
What is the remainder when 10/(-2*75/(-13980)) is divided by 466?
0
Let a = 901 + -400. What is the remainder when a is divided by 17?
8
Suppose -83*x - 51*x = -5691 - 16151. Calculate the remainder when 1247 is divided by x.
106
Let t be (-1 + 2)*-4 - 31. Calculate the remainder when 8 is divided by (-8)/2 + t/(25/(-5)).
2
Let z(l) = l**3 + 8*l**2 - l + 5. Let q be 14/(-91) - (-513)/39. Let v = q + -21. Calculate the remainder when z(v) is divided by 4.
1
Let h(c) = -2*c**3 - 4*c**2 - 3*c - 2. Let m be h(-2). Let r be 1 + -9 + m - 2*-1. What is the remainder when (-11 + 6)*5*r is divided by 15?
5
Suppose -13 = 3*t - 5*n, -5*t = -2*n 